110010
In base 4, what is -210102 - 2?
-210110
In base 4, what is -22311 + -3?
-22320
In base 8, what is 20 + 4?
24
In base 3, what is -10 + 12200221?
12200211
In base 11, what is -1 - 95?
-96
In base 9, what is -1 - -2004?
2003
In base 9, what is 2 - 235?
-233
In base 4, what is -2 - -13230?
13222
In base 15, what is -2 - -339?
337
In base 6, what is -3454 - -4?
-3450
In base 11, what is 2 - -11aa?
1201
In base 11, what is -4 - -117?
113
In base 3, what is -20222 + -10?
-21002
In base 14, what is 4 + -110?
-10a
In base 8, what is -2 + -70?
-72
In base 14, what is 2a - 0?
2a
In base 4, what is -1321012 + 2?
-1321010
In base 11, what is -5010 + -4?
-5014
In base 15, what is -2 + 9a?
98
In base 3, what is 1 - -10002102?
10002110
In base 10, what is -138 - 2?
-140
In base 10, what is -1376 + 14?
-1362
In base 10, what is -11 - 24?
-35
In base 4, what is 1 + 2302?
2303
In base 14, what is 6 - -446?
44c
In base 3, what is -2201 + 12011?
2110
In base 14, what is -14 - 16?
-2a
In base 16, what is 0 + 1?
1
In base 5, what is 4144 - -2?
4201
In base 13, what is -43 - 3?
-46
In base 12, what is -65b - 2?
-661
In base 15, what is -43 + -5?
-48
In base 9, what is 4237 - 1?
4236
In base 7, what is 4 + -43?
-36
In base 7, what is 4 + -44?
-40
In base 2, what is 101 - -11001?
11110
In base 16, what is 11 - d2?
-c1
In base 4, what is -2 - 232211?
-232213
In base 15, what is 2bd - 3?
2ba
In base 13, what is -1a + 1?
-19
In base 10, what is -506 + -2?
-508
In base 12, what is 1 + b3?
b4
In base 4, what is 20330 - -10?
21000
In base 6, what is -4525 - -10?
-4515
In base 5, what is -2 - -10042?
10040
In base 14, what is -1a + -22?
-3c
In base 11, what is -766 + -1?
-767
In base 12, what is -3 + 59?
56
In base 3, what is 12 - -12010?
12022
In base 6, what is 1 + 111?
112
In base 6, what is -3 + -235?
-242
In base 12, what is -3 - -719?
716
In base 10, what is -291 - 10?
-301
In base 4, what is 10 + 110123?
110133
In base 14, what is -1286 + -6?
-128c
In base 3, what is 20001102 + -1?
20001101
In base 11, what is -1 - 34?
-35
In base 11, what is -4 - -654?
650
In base 6, what is 23 - 212?
-145
In base 16, what is 3 + 6e?
71
In base 15, what is 4 - 22c?
-228
In base 14, what is 3 - 4b?
-48
In base 15, what is 4d + 7?
55
In base 15, what is 1d5 + -2?
1d3
In base 5, what is 412 - 1?
411
In base 4, what is -3 - 2130?
-2133
In base 10, what is -8 + -1265?
-1273
In base 11, what is a + -8?
2
In base 16, what is -2 - -364?
362
In base 4, what is -10 - -1030?
1020
In base 5, what is 4120 - -44?
4214
In base 4, what is -110221 + 2?
-110213
In base 7, what is 466 + -1?
465
In base 11, what is -199 + 4?
-195
In base 14, what is 112 + -35?
bb
In base 16, what is 31d9 - 3?
31d6
In base 16, what is 1 - -5?
6
In base 6, what is -3 + -112?
-115
In base 5, what is -112 - -11?
-101
In base 4, what is -20011030 - -3?
-20011021
In base 2, what is 100 - -111000?
111100
In base 9, what is 61 + -2?
58
In base 13, what is 46 - 1?
45
In base 9, what is 50 + 72?
132
In base 4, what is 101 + -22302?
-22201
In base 13, what is 7b - 8?
73
In base 12, what is 5 + 16?
1b
In base 15, what is -4 - e7?
-eb
In base 3, what is 2 - 22220022?
-22220020
In base 6, what is -205 - 353?
-1002
In base 3, what is 212100 + 0?
212100
In base 2, what is 1011 + -101?
110
In base 14, what is -4 - -25?
21
In base 6, what is 2435 - -3?
2442
In base 12, what is -4 + 1b11?
1b09
In base 15, what is -6 - -12?
b
In base 12, what is -495 + -2?
-497
In base 3, what is 2022 + 1?
2100
In base 11, what is 58 + 0?
58
In base 14, what is 5 - -1336?
133b
In base 7, what is -2 - 13550?
-13552
In base 2, what is 1000111 + -10?
1000101
In base 13, what is 1 + 43c?
440
In base 2, what is -10 + 11010111?
11010101
In base 4, what is -221303 - -10?
-221233
In base 5, what is 2 + 10243?
10300
In base 11, what is 10021 - 4?
10018
In base 9, what is 10731 + -3?
10727
In base 3, what is -111022 - -12?
-111010
In base 15, what is 6 - -144?
14a
In base 5, what is -3 + 103301?
103243
In base 4, what is 1 - 130?
-123
In base 10, what is 23 + 9?
32
In base 5, what is -3 + 1000?
442
In base 8, what is 47 + 5?
54
In base 15, what is -5c - -15?
-47
In base 12, what is -6 + -7?
-11
In base 11, what is -4 - 295?
-299
In base 13, what is -188 + 2?
-186
In base 15, what is 7e + -14?
6a
In base 8, what is 10 + -51?
-41
In base 8, what is 2 - 1707?
-1705
In base 16, what is -4 + -7cf?
-7d3
In base 15, what is -13 - 439?
-44c
In base 10, what is -758 - -5?
-753
In base 10, what is 7 - -5?
12
In base 5, what is -4434 - 14?
-10003
In base 14, what is -430 + -15?
-445
In base 10, what is 1 - -17?
18
In base 5, what is 32 + -20?
12
In base 2, what is 11 - -1001?
1100
In base 11, what is 4a7 + -9?
499
In base 2, what is -10 - 0?
-10
In base 10, what is 11298 - 5?
11293
In base 9, what is 34 - 0?
34
In base 9, what is 0 - 2082?
-2082
In base 13, what is -5a5b + -2?
-5a60
In base 11, what is -4 + 37?
33
In base 13, what is -15 + -24c?
-264
In base 8, what is 4 + 415?
421
In base 4, what is -103030 + -11?
-103101
In base 10, what is -530 - 5?
-535
In base 8, what is -77 - 6?
-105
In base 3, what is -211102 - -2?
-211100
In base 15, what is -4 + 75?
71
In base 10, what is 29 - -166?
195
In base 7, what is -43 - -10?
-33
In base 9, what is 10 - -7?
17
In base 6, what is 1 - 132?
-131
In base 15, what is -542 + -3?
-545
In base 14, what is 3d - -4?
43
In base 3, what is 101 - -201201?
202002
In base 16, what is 4 + -52?
-4e
In base 6, what is 12 - 15?
-3
In base 6, what is 3 + 2224?
2231
In base 5, what is -1 + 331?
330
In base 9, what is -41 - 4?
-45
In base 5, what is 230 + -123?
102
In base 12, what is 3 + 533?
536
In base 5, what is 2 - -214?
221
In base 9, what is -3 - 121?
-124
In base 13, what is 15 + 146?
15b
In base 7, what is -400 + -40?
-440
In base 9, what is 14 - -1776?
1801
In base 3, what is 110202222 - 10?
110202212
In base 6, what is 32002 - 4?
31554
In base 13, what is -429 + -5?
-431
In base 6, what is -5 - 110?
-115
In base 12, what is 134 + 1?
135
In base 13, what is -15 - a7?
-bc
In base 14, what is 4 + -10b?
-107
In base 15, what is -24 - 35?
-59
In base 12, what is -1 + -625?
-626
In base 7, what is 2 + -1565?
-1563
In base 5, what is 24 - -434?
1013
In base 13, what is -1ba + -4?
-1c1
In base 3, what is 1110 - -1?
1111
In base 2, what is 100110111101 - 11?
100110111010
In base 5, what is -321 - 113?
-434
In base 6, what is 123255 + -1?
123254
In base 2, what is -101011 + 101?
-100110
In base 10, what is 3 + 97?
100
In base 8, what is -133 - -367?
234
In base 10, what is 1 - -56?
57
In base 5, what is -12004 - 11?
-12020
In base 10, what is 1146 - -4?
1150
In base 2, what is 111000111110 - 1?
111000111101
In base 13, what is -4 - 51?
-55
In base 6, what is 2344 + 10?
2354
In base 13, what is 11 + 1054?
1065
In base 7, what is 41 + 5?
46
In base 2, what is 1 - -110000111011?
110000111100
In base 12, what is 20 - a?
12
In base 15, what is -dc + -2e?
-11b
In base 9, what is -324 + 5?
-318
In base 9, what is 1 - 5?
-4
In base 11, what is -4 + -40?
-44
In base 8, what is 2 + 121?
123
In base 4, what is -222 - -1?
-221
In base 4, what is 101 - 113?
-12
In base 2, what is -1000 + -111?
-1111
In base 4, what is -12 - 2?
-20
In base 6, what is -11204 - -1?
-11203
In base 16, what is -3 - 13a?
-13d
In base 8, what is -5 - -5065?
5060
In base 15, what is -3d - b?
-49
In base 6, what is 215 - -1?
220
In base 16, what is -184 + 1a?
-16a
In base 12, what is 5 - 55?
-50
In base 11, what is -13 - 223?
-236
In base 7, what is 4 + 41?
45
In base 16, what is -143 - 0?
-143
In base 6, what is 22 - -10?
32
In base 9, what is -360 + -5?
-365
In base 10, what is 3 + -30?
-27
In base 11, what is 0 + -7?
-7
In base 10, what is -1 - -142?
141
In base 12, what is 23a95 - 3?
23a92
In base 12, what is -4b + -61?
-b0
In base 7, what is 5 - 24?
-16
In base 6, what is -2115 + -5?
-2124
In base 15, what is 20a1 - -2?
20a3
In base 7, what is -3034 - -4?
-3030
In base 14, what is -281 - -2?
-27d
In base 4, what is -10 + 11123?
11113
In base 11, what is -1 - 25?
-26
In base 15, what is 245 - -23?
268
In base 12, what is b70a + -2?
b708
In base 4, what is 3 + -1021?
-1012
In base 2, what is 0 + 101000000001?
101000000001
In base 9, what is -155 + 3?
-152
In base 10, what 